{"id":60,"date":"2020-12-03T00:52:29","date_gmt":"2020-12-02T23:52:29","guid":{"rendered":"https:\/\/denaseguridad.es\/?page_id=60"},"modified":"2026-03-11T12:35:17","modified_gmt":"2026-03-11T11:35:17","slug":"dena-seguridad","status":"publish","type":"page","link":"https:\/\/denaseguridad.com\/","title":{"rendered":""},"content":{"rendered":"<div class=\"vce-row-container\" data-vce-boxed-width=\"true\"><div class=\"vce-row vce-row--has-col-background vce-element--has-background vce-row--col-gap-15 vce-row-content--bottom\" id=\"el-fc691462\" data-vce-do-apply=\"all el-fc691462\"><div class=\"vce-content-background-container\"><\/div><div class=\"vce-row-content\" data-vce-element-content=\"true\"><div class=\"vce-col vce-col--xs-2p vce-col--all-first\" id=\"el-11391314\"><div class=\"vce-col-inner\" data-vce-do-apply=\"border margin background  el-11391314\"><div class=\"vce-col-content\" data-vce-element-content=\"true\" data-vce-do-apply=\"padding el-11391314\"><div class=\"vcv-row-control-wrapper\"><\/div><\/div><\/div><\/div><div class=\"vce-col vce-element--has-background vce-col--xs-98p vce-col--all-last\" id=\"el-2cbec4c2\"><div class=\"vce-col-inner\" data-vce-do-apply=\"border margin background  el-2cbec4c2\"><div class=\"vce-content-background-container\"><\/div><div class=\"vce-col-content\" data-vce-element-content=\"true\" data-vce-do-apply=\"padding el-2cbec4c2\"><div class=\"vce-single-image-container vce-single-image--align-center\"><div class=\"vce vce-single-image-wrapper\" id=\"el-629cdedf\" data-vce-do-apply=\"all el-629cdedf\"><figure><div class=\"vce-single-image-figure-inner\" style=\"width: 1024px;\"><div class=\"vce-single-image-inner vce-single-image--absolute vce-single-image--border-rounded\" style=\"width: 100%; padding-bottom: 40.8203%;\"><img loading=\"lazy\" decoding=\"async\" class=\"vce-single-image\"  width=\"1024\" height=\"418\" srcset=\"https:\/\/denaseguridad.com\/wp-content\/uploads\/2020\/12\/logo-con-margenes-1024x419.png 1024w, https:\/\/denaseguridad.com\/wp-content\/uploads\/2026\/03\/logo-con-margenes-320x131.png 320w, https:\/\/denaseguridad.com\/wp-content\/uploads\/2026\/03\/logo-con-margenes-480x196.png 480w, https:\/\/denaseguridad.com\/wp-content\/uploads\/2026\/03\/logo-con-margenes-800x327.png 800w\" src=\"https:\/\/denaseguridad.com\/wp-content\/uploads\/2020\/12\/logo-con-margenes-1024x419.png\" data-img-src=\"https:\/\/denaseguridad.com\/wp-content\/uploads\/2020\/12\/logo-con-margenes.png\" data-attachment-id=\"17\"  alt=\"\" title=\"logo con margenes\" \/><\/div><\/div><figcaption hidden=\"\"><\/figcaption><\/figure><\/div><\/div><div class=\"vce-row-container\" data-vce-boxed-width=\"true\"><div class=\"vce-row vce-row--has-col-background vce-row--col-gap-30 vce-row-equal-height vce-row-content--top\" id=\"el-64deb35e\" data-vce-do-apply=\"all el-64deb35e\"><div class=\"vce-row-content\" data-vce-element-content=\"true\"><div class=\"vce-col vce-element--has-background vce-col--md-19-34p vce-col--xs-1 vce-col--xs-last vce-col--xs-first vce-col--sm-last vce-col--sm-first vce-col--md-first vce-col--lg-first vce-col--xl-first\" id=\"el-edc48755\"><div class=\"vce-col-inner\" data-vce-do-apply=\"border margin background  el-edc48755\"><div class=\"vce-content-background-container\"><\/div><div class=\"vce-col-content\" data-vce-element-content=\"true\" data-vce-do-apply=\"padding el-edc48755\"><div class=\"vce-single-image-container vce-single-image--align-left\"><div class=\"vce vce-single-image-wrapper\" id=\"el-050f1e45\" data-vce-do-apply=\"all el-050f1e45\"><figure><div class=\"vce-single-image-figure-inner\" style=\"width: 240px;\"><div class=\"vce-single-image-inner vce-single-image--absolute vce-single-image--border-rounded\" style=\"width: 100%; padding-bottom: 40.8333%;\"><img decoding=\"async\" class=\"vce-single-image\" src=\"https:\/\/denaseguridad.com\/wp-content\/uploads\/2020\/12\/cropped-logo-con-margenes.png\" data-img-src=\"https:\/\/denaseguridad.com\/wp-content\/uploads\/2020\/12\/cropped-logo-con-margenes.png\" data-attachment-id=\"18\" alt=\"\" title=\"cropped-logo-con-margenes.png\"><\/div><\/div><figcaption hidden=\"\"><\/figcaption><\/figure><\/div><\/div><\/div><\/div><\/div><div class=\"vce-col vce-element--has-background vce-col--md-80-66p vce-col--xs-1 vce-col--xs-last vce-col--xs-first vce-col--sm-last vce-col--sm-first vce-col--md-last vce-col--lg-last vce-col--xl-last\" id=\"el-d6f3bb95\"><div class=\"vce-col-inner\" data-vce-do-apply=\"border margin background  el-d6f3bb95\"><div class=\"vce-content-background-container\"><\/div><div class=\"vce-col-content\" data-vce-element-content=\"true\" data-vce-do-apply=\"padding el-d6f3bb95\"><div class=\"vce-text-block\"><div class=\"vce-text-block-wrapper vce\" id=\"el-62cbf915\" data-vce-do-apply=\"all el-62cbf915\"><h2 style=\"text-align: left;\"><span style=\"font-family: Lunasima; color: #ffffff;\"><strong>DENA SEGURIDAD<\/strong><\/span><\/h2>\n<p style=\"text-align: right;\"><span style=\"color: #ffffff;\">HORARIO DE ATENCI\u00d3N AL CLIENTE: DE LUNES A VIERNES DE 09:00 16:00 H.<\/span><\/p>\n<p style=\"text-align: right;\"><span style=\"color: #ffffff;\">RESTO DE HORARIOS Y FESTIVOS S\u00d3LO EMERGENCIAS.<\/span><\/p>\n<p style=\"text-align: right;\"><span style=\"font-size: 12pt; font-family: 'Open Sans'; color: #ffffff;\">&nbsp;<strong>Tlf:.<span class=\"mini-contacts phone show-on-desktop near-logo-first-switch in-menu-second-switch first\">93 843 80 92 ( 24 H.)&nbsp; &nbsp; <\/span><span class=\"mini-contacts email show-on-desktop near-logo-first-switch in-menu-second-switch last\">E-mail: info@denaseguridad.com<\/span><\/strong><\/span><\/p>\n<hr>\n<p><span style=\"color: #ffffff;\">&nbsp;<span style=\"font-family: 'Open Sans';\">Empresa con m\u00e1s de 25 a\u00f1os en el mundo de la Seguridad Privada. Tenemos un gran equipo profesional de personas a su servicio con la mayor cualificaci\u00f3n. Trabajamos con las marcas m\u00e1s punteras en el mundo de la seguridad y apostamos por la formaci\u00f3n continua de nuestros trabajadores para dar a nuestros clientes el mejor de los servicios.<\/span><\/span><\/p><\/div><\/div><\/div><\/div><\/div><\/div><\/div><\/div><div class=\"vce-text-block\"><div class=\"vce-text-block-wrapper vce\" id=\"el-68e1409d\" data-vce-do-apply=\"all el-68e1409d\" data-vce-animate=\"vce-o-animate--pulse\"><h1 style=\"line-height: inherit; text-align: center;\"><span style=\"font-family: 'Merriweather Sans'; color: #ffffff;\"><strong><span style=\"font-size: 16pt; font-style: normal; letter-spacing: inherit;\"><span style=\"font-family: inherit;\">Protecci\u00f3n<\/span> profesional para tu hogar o negocio<\/span><\/strong><\/span><\/h1>\n<h1 style=\"line-height: inherit; text-align: center;\"><span style=\"font-family: 'Merriweather Sans'; color: #ffffff;\"><strong><span style=\"font-size: 16pt; font-style: normal; letter-spacing: inherit;\"><br><\/span><\/strong><\/span><span style=\"font-weight: bold; font-style: normal; font-size: 14pt; color: #ffffff;\">LO MAS IMPORTANTE PARA NOSOTROS ES SU TRANQUILIDAD<\/span><\/h1><\/div><\/div><div class=\"vce-button--style-outline-container vce-button--style-outline-container--align-center\"><span class=\"vce-button--style-outline-wrapper vce vce-button--style-outline-wrapper--stretched\" id=\"el-e90033e2\" data-vce-do-apply=\"margin el-e90033e2\"><a class=\"vce-button vce-button--style-outline-animated vce-button--style-outline--border-rounded vce-button--style-outline--size-small vce-button--style-outline-animated--color-e3e3e3--fff--3d3d3d vce-button--style-outline-animated--border-color-e3e3e3--3d3d3d vce-button--style-outline-animated--background-color-3d3d3d\" href=\"tel:+34938438092\" title=\"Contacto\" target=\"_blank\" data-vce-do-apply=\"padding border background  el-e90033e2\" data-vce-animate=\"vce-o-animate--pulse\"><span class=\"vce-button--style-outline-text\">SOLICITAR PRESUPUESTO<\/span><\/a><\/span><\/div><div class=\"vce-single-image-container vce-single-image--align-center\"><div class=\"vce vce-single-image-wrapper\" id=\"el-d08d2577\" data-vce-do-apply=\"all el-d08d2577\" data-vce-animate=\"vce-o-animate--fadeIn\"><figure><div class=\"vce-single-image-figure-inner\" style=\"width: 1200px;\"><a href=\"https:\/\/youtu.be\/t1CpLAAQj0w\" title=\"La tranquilidad de su casa segura\" target=\"_blank\" class=\"vce-single-image-inner vce-single-image--absolute vce-single-image--border-rounded\" style=\"width: 100%; padding-bottom: 43.75%;\"><img loading=\"lazy\" decoding=\"async\" class=\"vce-single-image\"  width=\"1200\" height=\"525\" srcset=\"https:\/\/denaseguridad.com\/wp-content\/uploads\/2026\/03\/header_aeroport-e1607968742400-320x140.jpg 320w, https:\/\/denaseguridad.com\/wp-content\/uploads\/2026\/03\/header_aeroport-e1607968742400-480x210.jpg 480w, https:\/\/denaseguridad.com\/wp-content\/uploads\/2026\/03\/header_aeroport-e1607968742400-800x350.jpg 800w, https:\/\/denaseguridad.com\/wp-content\/uploads\/2026\/03\/header_aeroport-e1607968742400-1200x525.jpg 1200w\" src=\"https:\/\/denaseguridad.com\/wp-content\/uploads\/2026\/03\/header_aeroport-e1607968742400-1200x525.jpg\" data-img-src=\"https:\/\/denaseguridad.com\/wp-content\/uploads\/2020\/12\/header_aeroport-e1607968742400.jpg\" data-attachment-id=\"29\"  alt=\"\" title=\"header_aeroport\" \/><\/a><\/div><figcaption hidden=\"\"><\/figcaption><\/figure><\/div><\/div><div class=\"vce-text-block\"><div class=\"vce-text-block-wrapper vce\" id=\"el-fdb6317e\" data-vce-do-apply=\"all el-fdb6317e\"><h2 style=\"text-align: center;\"><span style=\"font-family: Mandali; color: #ffffff; font-size: 16pt;\">&nbsp;<strong>SISTEMAS PROFESIONALES DE SEGURIDAD<\/strong>&nbsp;<\/span><\/h2><p style=\"text-align: center;\"><span style=\"font-family: Mandali; color: #ffffff; font-size: 14pt;\">PARA CUALQUIER SITUACI\u00d3N, PERSONALIZADO&nbsp; A MEDIDA<\/span><\/p><p style=\"text-align: center;\">&nbsp;<\/p><\/div><\/div><div class=\"vce-button--style-outline-container vce-button--style-outline-container--align-center\"><span class=\"vce-button--style-outline-wrapper vce vce-button--style-outline-wrapper--stretched\" id=\"el-8c1c9223\" data-vce-do-apply=\"margin el-8c1c9223\"><a class=\"vce-button vce-button--style-outline-animated vce-button--style-outline--border-rounded vce-button--style-outline--size-small vce-button--style-outline-animated--color-e3e3e3--fff--3d3d3d vce-button--style-outline-animated--border-color-e3e3e3--3d3d3d vce-button--style-outline-animated--background-color-3d3d3d\" href=\"tel:+34938438092\" title=\"Contacto\" target=\"_blank\" data-vce-do-apply=\"padding border background  el-8c1c9223\" data-vce-animate=\"vce-o-animate--pulse\"><span class=\"vce-button--style-outline-text\">SOLICITAR PRESUPUESTO<\/span><\/a><\/span><\/div><div class=\"vce-row-container\"><div class=\"vce-row vce-row--col-gap-30 vce-row-equal-height vce-row-content--top\" data-vce-full-width=\"true\" data-vce-stretch-content=\"true\" id=\"el-ca277f5a\" data-vce-do-apply=\"all el-ca277f5a\"><div class=\"vce-row-content\" data-vce-element-content=\"true\"><div class=\"vce-col vce-col--md-auto vce-col--xs-1 vce-col--xs-last vce-col--xs-first vce-col--sm-last vce-col--sm-first vce-col--md-first vce-col--lg-first vce-col--xl-first\" id=\"el-76086348\"><div class=\"vce-col-inner\" data-vce-do-apply=\"border margin background  el-76086348\"><div class=\"vce-col-content\" data-vce-element-content=\"true\" data-vce-do-apply=\"padding el-76086348\"><div class=\"vce-single-image-container vce-single-image--align-center\"><div class=\"vce vce-single-image-wrapper\" id=\"el-7be155fe\" data-vce-do-apply=\"all el-7be155fe\" data-vce-animate=\"vce-o-animate--slideInUp\"><figure><div class=\"vce-single-image-figure-inner\" style=\"width: 1024px;\"><div class=\"vce-single-image-inner vce-single-image--absolute vce-single-image--border-rounded\" style=\"width: 100%; padding-bottom: 41.0156%;\"><img loading=\"lazy\" decoding=\"async\" class=\"vce-single-image\"  width=\"1024\" height=\"420\" srcset=\"https:\/\/denaseguridad.com\/wp-content\/uploads\/2020\/12\/alarma-piso-1024x421.jpg 1024w, https:\/\/denaseguridad.com\/wp-content\/uploads\/2026\/03\/alarma-piso-320x131.jpg 320w, https:\/\/denaseguridad.com\/wp-content\/uploads\/2026\/03\/alarma-piso-480x197.jpg 480w, https:\/\/denaseguridad.com\/wp-content\/uploads\/2026\/03\/alarma-piso-800x328.jpg 800w\" src=\"https:\/\/denaseguridad.com\/wp-content\/uploads\/2020\/12\/alarma-piso-1024x421.jpg\" data-img-src=\"https:\/\/denaseguridad.com\/wp-content\/uploads\/2020\/12\/alarma-piso.jpg\" data-attachment-id=\"72\"  alt=\"\" title=\"alarma-piso\" \/><\/div><\/div><figcaption hidden=\"\"><\/figcaption><\/figure><\/div><\/div><div class=\"vce-text-block\"><div class=\"vce-text-block-wrapper vce\" id=\"el-d341ef45\" data-vce-do-apply=\"all el-d341ef45\"><h2 style=\"text-align: center;\"><span style=\"color: #ffffff;\">Alarma para Piso<\/span><\/h2>\n<p style=\"text-align: center;\"><span style=\"color: #ffffff; font-family: 'Open Sans', Helvetica, Arial, Verdana, sans-serif; text-align: center;\">La seguridad de tu hogar es la principal garant\u00eda de confort que uno siente al llegar a casa.<\/span><\/p><\/div><\/div><div class=\"vce-button--style-basic-container vce-button--style-basic-container--align-center\"><span class=\"vce-button--style-basic-wrapper vce vce-button--style-basic-wrapper--stretched\" id=\"el-aa5aa6f6\" data-vce-do-apply=\"margin el-aa5aa6f6\"><a class=\"vce-button vce-button--style-basic vce-button--style-basic--border-rounded vce-button--style-basic--size-medium vce-button--style-basic--color-b-136-7-25--fff vce-button--style-basic--hover-color-b-0-0-0--fff\" href=\"tel:938438092\" title=\"Solicito informaci\u00f3n sin compromiso\" data-vce-do-apply=\"padding border background  el-aa5aa6f6\" data-vce-animate=\"vce-o-animate--pulse\">Ll\u00e1menos 93 843 80 92<\/a><\/span><\/div><\/div><\/div><\/div><div class=\"vce-col vce-col--md-auto vce-col--xs-1 vce-col--xs-last vce-col--xs-first vce-col--sm-last vce-col--sm-first\" id=\"el-4397e29c\"><div class=\"vce-col-inner\" data-vce-do-apply=\"border margin background  el-4397e29c\"><div class=\"vce-col-content\" data-vce-element-content=\"true\" data-vce-do-apply=\"padding el-4397e29c\"><div class=\"vce-single-image-container vce-single-image--align-left\"><div class=\"vce vce-single-image-wrapper\" id=\"el-e31473fe\" data-vce-do-apply=\"all el-e31473fe\" data-vce-animate=\"vce-o-animate--slideInUp\" data-vce-animate-delay=\"vce-o-animate-delay--0\"><figure><div class=\"vce-single-image-figure-inner\" style=\"width: 1024px;\"><div class=\"vce-single-image-inner vce-single-image--absolute vce-single-image--border-rounded\" style=\"width: 100%; padding-bottom: 41.0156%;\"><img loading=\"lazy\" decoding=\"async\" class=\"vce-single-image\"  width=\"1024\" height=\"420\" srcset=\"https:\/\/denaseguridad.com\/wp-content\/uploads\/2020\/12\/alarma-casa2-1-1024x421.jpg 1024w, https:\/\/denaseguridad.com\/wp-content\/uploads\/2026\/03\/alarma-casa2-1-320x131.jpg 320w, https:\/\/denaseguridad.com\/wp-content\/uploads\/2026\/03\/alarma-casa2-1-480x197.jpg 480w, https:\/\/denaseguridad.com\/wp-content\/uploads\/2026\/03\/alarma-casa2-1-800x328.jpg 800w\" src=\"https:\/\/denaseguridad.com\/wp-content\/uploads\/2020\/12\/alarma-casa2-1-1024x421.jpg\" data-img-src=\"https:\/\/denaseguridad.com\/wp-content\/uploads\/2020\/12\/alarma-casa2-1.jpg\" data-attachment-id=\"69\"  alt=\"\" title=\"alarma-casa2 (1)\" \/><\/div><\/div><figcaption hidden=\"\"><\/figcaption><\/figure><\/div><\/div><div class=\"vce-text-block\"><div class=\"vce-text-block-wrapper vce\" id=\"el-e94e8202\" data-vce-do-apply=\"all el-e94e8202\"><h2 style=\"text-align: center;\"><span style=\"color: #ffffff;\">Alarma para Casa<\/span><\/h2>\n<p style=\"text-align: center;\"><span style=\"font-family: 'Open Sans'; color: #ffffff;\">Alarmas para garantizar la seguridad de tu hogar y de los suyos adaptadas a tus necesidades individuales.<\/span><\/p><\/div><\/div><div class=\"vce-button--style-basic-container vce-button--style-basic-container--align-center\"><span class=\"vce-button--style-basic-wrapper vce vce-button--style-basic-wrapper--stretched\" id=\"el-2b455cb3\" data-vce-do-apply=\"margin el-2b455cb3\"><a class=\"vce-button vce-button--style-basic vce-button--style-basic--border-rounded vce-button--style-basic--size-medium vce-button--style-basic--color-b-136-7-25--fff vce-button--style-basic--hover-color-b-0-0-0--fff\" href=\"tel:938438092\" title=\"Solicito informaci\u00f3n sin compromiso\" data-vce-do-apply=\"padding border background  el-2b455cb3\" data-vce-animate=\"vce-o-animate--pulse\">Ll\u00e1menos 93 843 80 92<\/a><\/span><\/div><\/div><\/div><\/div><div class=\"vce-col vce-col--md-auto vce-col--xs-1 vce-col--xs-last vce-col--xs-first vce-col--sm-last vce-col--sm-first vce-col--md-last vce-col--lg-last vce-col--xl-last\" id=\"el-f2476c94\"><div class=\"vce-col-inner\" data-vce-do-apply=\"border margin background  el-f2476c94\"><div class=\"vce-col-content\" data-vce-element-content=\"true\" data-vce-do-apply=\"padding el-f2476c94\"><div class=\"vce-single-image-container vce-single-image--align-left\"><div class=\"vce vce-single-image-wrapper\" id=\"el-b917216a\" data-vce-do-apply=\"all el-b917216a\" data-vce-animate=\"vce-o-animate--slideInUp\" data-vce-animate-delay=\"vce-o-animate-delay--0\"><figure><div class=\"vce-single-image-figure-inner\" style=\"width: 1024px;\"><div class=\"vce-single-image-inner vce-single-image--absolute vce-single-image--border-rounded\" style=\"width: 100%; padding-bottom: 41.0156%;\"><img loading=\"lazy\" decoding=\"async\" class=\"vce-single-image\"  width=\"1024\" height=\"420\" srcset=\"https:\/\/denaseguridad.com\/wp-content\/uploads\/2020\/12\/alarma-empresa-1024x421.jpg 1024w, https:\/\/denaseguridad.com\/wp-content\/uploads\/2026\/03\/alarma-empresa-320x131.jpg 320w, https:\/\/denaseguridad.com\/wp-content\/uploads\/2026\/03\/alarma-empresa-480x197.jpg 480w, https:\/\/denaseguridad.com\/wp-content\/uploads\/2026\/03\/alarma-empresa-800x328.jpg 800w\" src=\"https:\/\/denaseguridad.com\/wp-content\/uploads\/2020\/12\/alarma-empresa-1024x421.jpg\" data-img-src=\"https:\/\/denaseguridad.com\/wp-content\/uploads\/2020\/12\/alarma-empresa.jpg\" data-attachment-id=\"75\"  alt=\"\" title=\"alarma-empresa\" \/><\/div><\/div><figcaption hidden=\"\"><\/figcaption><\/figure><\/div><\/div><div class=\"vce-text-block\"><div class=\"vce-text-block-wrapper vce\" id=\"el-09716db0\" data-vce-do-apply=\"all el-09716db0\"><h2 style=\"text-align: center;\"><span style=\"color: #ffffff;\">Alarma para Empresas y Negocios<\/span><\/h2>\n<p style=\"text-align: center;\"><span style=\"color: #ffffff; font-family: 'Open Sans', Helvetica, Arial, Verdana, sans-serif; text-align: center;\">Tu empresa necesita garantizar su seguridad. Con nuestro servicio de Alarma EMPRESA&nbsp; lo encontrar\u00e1s.<\/span><\/p><\/div><\/div><div class=\"vce-button--style-basic-container vce-button--style-basic-container--align-center\"><span class=\"vce-button--style-basic-wrapper vce vce-button--style-basic-wrapper--stretched\" id=\"el-f56a661f\" data-vce-do-apply=\"margin el-f56a661f\"><a class=\"vce-button vce-button--style-basic vce-button--style-basic--border-rounded vce-button--style-basic--size-medium vce-button--style-basic--color-b-136-7-25--fff vce-button--style-basic--hover-color-b-0-0-0--fff\" href=\"tel:938438092\" title=\"Solicito informaci\u00f3n sin compromiso\" data-vce-do-apply=\"padding border background  el-f56a661f\" data-vce-animate=\"vce-o-animate--pulse\">Ll\u00e1menos 93 843 80 92<\/a><\/span><\/div><\/div><\/div><\/div><\/div><\/div><\/div><\/div><\/div><\/div><\/div><\/div><\/div><div class=\"vce-row-container\" data-vce-boxed-width=\"true\"><div class=\"vce-row vce-element--has-background vce-row--col-gap-10 vce-row-content--top\" id=\"el-15001eb2\" data-vce-do-apply=\"all el-15001eb2\"><div class=\"vce-content-background-container\"><div class=\"vce-asset-background-slider-container vce-visible-all-only vce-asset-background-slider--style-contain vce-asset-background-slider--position-center-top\"><div class=\"vce-asset-background-slider\" data-vce-assets-slider=\"9\" data-vce-assets-slider-effect=\"carousel\" data-vce-assets-slider-direction=\"left\" data-vce-assets-slider-slides=\".vce-asset-background-slider-items\" data-vce-assets-slider-slide=\".vce-asset-background-slider-item\"><div class=\"vce-asset-background-slider-items\"><div class=\"vce-asset-background-slider-item\" style=\"background-image:url(https:\/\/denaseguridad.com\/wp-content\/uploads\/2020\/12\/marea.jpg)\"><\/div><div class=\"vce-asset-background-slider-item\" style=\"background-image:url(https:\/\/denaseguridad.com\/wp-content\/uploads\/2020\/12\/thuya-1.jpg)\"><\/div><div class=\"vce-asset-background-slider-item\" style=\"background-image:url(https:\/\/denaseguridad.com\/wp-content\/uploads\/2020\/12\/llongueras-1-e1529485410135.jpg)\"><\/div><div class=\"vce-asset-background-slider-item\" style=\"background-image:url(https:\/\/denaseguridad.com\/wp-content\/uploads\/2020\/12\/Logo_PansCo.png)\"><\/div><div class=\"vce-asset-background-slider-item\" style=\"background-image:url(https:\/\/denaseguridad.com\/wp-content\/uploads\/2020\/12\/flexicel-1.jpg)\"><\/div><div class=\"vce-asset-background-slider-item\" style=\"background-image:url(https:\/\/denaseguridad.com\/wp-content\/uploads\/2020\/12\/grupo-schroder-1.jpg)\"><\/div><div class=\"vce-asset-background-slider-item\" style=\"background-image:url(https:\/\/denaseguridad.com\/wp-content\/uploads\/2020\/12\/julia-1.png)\"><\/div><div class=\"vce-asset-background-slider-item\" style=\"background-image:url(https:\/\/denaseguridad.com\/wp-content\/uploads\/2020\/12\/escofet-oliver.png)\"><\/div><div class=\"vce-asset-background-slider-item\" style=\"background-image:url(https:\/\/denaseguridad.com\/wp-content\/uploads\/2020\/12\/jaume.jpg)\"><\/div><\/div><\/div><\/div><\/div><div class=\"vce-row-content\" data-vce-element-content=\"true\"><div class=\"vce-col vce-col--md-auto vce-col--xs-1 vce-col--xs-last vce-col--xs-first vce-col--sm-last vce-col--sm-first vce-col--md-last vce-col--lg-last vce-col--xl-last vce-col--md-first vce-col--lg-first vce-col--xl-first\" id=\"el-7e4bd348\"><div class=\"vce-col-inner\" data-vce-do-apply=\"border margin background  el-7e4bd348\"><div class=\"vce-col-content\" data-vce-element-content=\"true\" data-vce-do-apply=\"padding el-7e4bd348\"><div class=\"vce-text-block\"><div class=\"vce-text-block-wrapper vce\" id=\"el-d0922f49\" data-vce-do-apply=\"all el-d0922f49\" data-vce-animate=\"vce-o-animate--bounce\"><h2 style=\"text-align: center;\"><span style=\"color: #ffffff;\"><strong>Algunas de las empresas que conf\u00edan en nosotros<\/strong><\/span><\/h2><\/div><\/div><\/div><\/div><\/div><\/div><\/div><\/div><div class=\"vce-row-container\" data-vce-boxed-width=\"true\"><div class=\"vce-row vce-row--col-gap-30 vce-row-equal-height vce-row-content--top\" id=\"el-4e67e0af\" data-vce-do-apply=\"all el-4e67e0af\"><div class=\"vce-row-content\" data-vce-element-content=\"true\"><div class=\"vce-col vce-col--md-auto vce-col--xs-1 vce-col--xs-last vce-col--xs-first vce-col--sm-last vce-col--sm-first vce-col--md-last vce-col--lg-last vce-col--xl-last vce-col--md-first vce-col--lg-first vce-col--xl-first\" id=\"el-20d92b5b\"><div class=\"vce-col-inner\" data-vce-do-apply=\"border margin background  el-20d92b5b\"><div class=\"vce-col-content\" data-vce-element-content=\"true\" data-vce-do-apply=\"padding el-20d92b5b\"><div class=\"vce-text-block\"><div class=\"vce-text-block-wrapper vce\" id=\"el-d7b486bf\" data-vce-do-apply=\"all el-d7b486bf\"><h2 style=\"text-align: center;\"><span style=\"font-size: 14pt; color: #ffffff;\">Dena Seguridad - C\/ Mogoda 1, oficina 208 - 08210 Barber\u00e0 del Vall\u00e8s - 93 843 80 92 (24 H.)<\/span><span style=\"color: #ffffff; font-size: 14pt;\">- info@denaseguridad.com<\/span><\/h2>\n<h2 style=\"text-align: center;\"><a href=\"index.php\/descargas\/\" target=\"_blank\" rel=\"noopener\"><span style=\"color: #ff0000;\">ZONA DE DESCARGAS<\/span><\/a><\/h2><\/div><\/div><\/div><\/div><\/div><\/div><\/div><\/div><div class=\"vce-row-container\" data-vce-boxed-width=\"true\"><div class=\"vce-row vce-row--col-gap-30 vce-row-equal-height vce-row-content--top\" id=\"el-f0ff29e1\" data-vce-do-apply=\"all el-f0ff29e1\"><div class=\"vce-row-content\" data-vce-element-content=\"true\"><div class=\"vce-col vce-col--md-auto vce-col--xs-1 vce-col--xs-last vce-col--xs-first vce-col--sm-last vce-col--sm-first vce-col--md-last vce-col--lg-last vce-col--xl-last vce-col--md-first vce-col--lg-first vce-col--xl-first\" id=\"el-ee735cb4\"><div class=\"vce-col-inner\" data-vce-do-apply=\"border margin background  el-ee735cb4\"><div class=\"vce-col-content\" data-vce-element-content=\"true\" data-vce-do-apply=\"padding el-ee735cb4\"><div class=\"vcv-row-control-wrapper\"><\/div><\/div><\/div><\/div><\/div><\/div><\/div>","protected":false},"excerpt":{"rendered":"<p>DENA SEGURIDAD HORARIO DE ATENCI\u00d3N AL CLIENTE: DE LUNES A VIERNES DE 09:00 16:00 H. RESTO DE HORARIOS Y FESTIVOS S\u00d3LO EMERGENCIAS. &nbsp;Tlf:.93 843 80 92 ( 24 H.)&nbsp; &nbsp; E-mail: info@denaseguridad.com &nbsp;Empresa con m\u00e1s de 25 a\u00f1os en el mundo de la Seguridad Privada. Tenemos un gran equipo profesional de personas a su servicio [&hellip;]<\/p>\n","protected":false},"author":1,"featured_media":0,"parent":0,"menu_order":0,"comment_status":"closed","ping_status":"closed","template":"full-width.php","meta":{"footnotes":""},"class_list":["post-60","page","type-page","status-publish","hentry"],"_links":{"self":[{"href":"https:\/\/denaseguridad.com\/index.php\/wp-json\/wp\/v2\/pages\/60","targetHints":{"allow":["GET"]}}],"collection":[{"href":"https:\/\/denaseguridad.com\/index.php\/wp-json\/wp\/v2\/pages"}],"about":[{"href":"https:\/\/denaseguridad.com\/index.php\/wp-json\/wp\/v2\/types\/page"}],"author":[{"embeddable":true,"href":"https:\/\/denaseguridad.com\/index.php\/wp-json\/wp\/v2\/users\/1"}],"replies":[{"embeddable":true,"href":"https:\/\/denaseguridad.com\/index.php\/wp-json\/wp\/v2\/comments?post=60"}],"version-history":[{"count":235,"href":"https:\/\/denaseguridad.com\/index.php\/wp-json\/wp\/v2\/pages\/60\/revisions"}],"predecessor-version":[{"id":607,"href":"https:\/\/denaseguridad.com\/index.php\/wp-json\/wp\/v2\/pages\/60\/revisions\/607"}],"wp:attachment":[{"href":"https:\/\/denaseguridad.com\/index.php\/wp-json\/wp\/v2\/media?parent=60"}],"curies":[{"name":"wp","href":"https:\/\/api.w.org\/{rel}","templated":true}]}}